{"id":7,"date":"2025-10-20T13:58:33","date_gmt":"2025-10-20T13:58:33","guid":{"rendered":"https:\/\/tribumujeres.fpymeayp.com\/?page_id=7"},"modified":"2025-12-01T19:04:32","modified_gmt":"2025-12-01T19:04:32","slug":"inicio","status":"publish","type":"page","link":"https:\/\/tribumujeres.fpymeayp.com\/","title":{"rendered":"Inicio"},"content":{"rendered":"<p>[et_pb_section fb_built=\u00bb1&#8243; admin_label=\u00bbHeader\u00bb _builder_version=\u00bb4.27.4&#8243; _module_preset=\u00bbdefault\u00bb background_color=\u00bb#F3EFE5&#8243; use_background_color_gradient=\u00bbon\u00bb background_color_gradient_stops=\u00bbgcid-904649ba-8489-45ef-bc4d-794bd4d0fcba 6%|rgba(252,248,239,0) 60%|rgba(255,251,243,0.4) 88%|gcid-904649ba-8489-45ef-bc4d-794bd4d0fcba 98%\u00bb background_color_gradient_overlays_image=\u00bbon\u00bb background_image=\u00bbhttps:\/\/tribumujeres.fpymeayp.com\/wp-content\/uploads\/2025\/10\/hh-scaled.jpg\u00bb background_position=\u00bbbottom_center\u00bb custom_padding=\u00bb8vw||43vw||false|false\u00bb collapsed=\u00bbon\u00bb global_colors_info=\u00bb{%22gcid-904649ba-8489-45ef-bc4d-794bd4d0fcba%22:%91%22background_color_gradient_stops%22%93}\u00bb][et_pb_row _builder_version=\u00bb4.20.0&#8243; _module_preset=\u00bbdefault\u00bb global_colors_info=\u00bb{}\u00bb][et_pb_column type=\u00bb4_4&#8243; _builder_version=\u00bb4.20.0&#8243; _module_preset=\u00bbdefault\u00bb global_colors_info=\u00bb{}\u00bb][et_pb_text _builder_version=\u00bb4.27.4&#8243; _module_preset=\u00bb15c60c6a-4a10-406f-b495-9bb83d0fe69a\u00bb text_orientation=\u00bbcenter\u00bb global_colors_info=\u00bb{}\u00bb]<\/p>\n<h4>Juntas crecemos, juntas avanzamos<\/h4>\n<p>[\/et_pb_text][et_pb_text _builder_version=\u00bb4.27.4&#8243; _module_preset=\u00bbecaf7a09-9049-47d5-8821-a4061980eb66&#8243; text_orientation=\u00bbcenter\u00bb global_colors_info=\u00bb{}\u00bb]<\/p>\n<h1>Mujeres de la Tribu<\/h1>\n<p>[\/et_pb_text][et_pb_text _builder_version=\u00bb4.27.4&#8243; _module_preset=\u00bb7c6b1dc7-86d4-452d-837d-c91f12fa55b4&#8243; text_orientation=\u00bbcenter\u00bb max_width=\u00bb920px\u00bb module_alignment=\u00bbcenter\u00bb global_colors_info=\u00bb{}\u00bb]<\/p>\n<p><strong data-start=\"238\" data-end=\"334\">Somos Mujeres de la Tribu, una comunidad de creadoras que une talento, prop\u00f3sito y coraz\u00f3n.<\/strong><br data-start=\"334\" data-end=\"337\" \/>Nacimos del deseo de tejer redes entre mujeres que transforman con sus manos, que creen en la colaboraci\u00f3n y que encuentran en lo artesanal una forma de expresi\u00f3n aut\u00e9ntica.<\/p>\n<p>[\/et_pb_text][et_pb_button button_url=\u00bbhttps:\/\/tribumujeres.fpymeayp.com\/index.php\/nosotras\/\u00bb url_new_window=\u00bbon\u00bb button_text=\u00bbcont\u00e1ctanos\u00bb button_alignment=\u00bbcenter\u00bb _builder_version=\u00bb4.27.4&#8243; _module_preset=\u00bb413911ff-5066-4749-8c0e-81ab7a06b624&#8243; global_colors_info=\u00bb{}\u00bb][\/et_pb_button][\/et_pb_column][\/et_pb_row][\/et_pb_section][et_pb_section fb_built=\u00bb1&#8243; admin_label=\u00bbAbout\u00bb _builder_version=\u00bb4.27.4&#8243; _module_preset=\u00bbdefault\u00bb background_color=\u00bbgcid-904649ba-8489-45ef-bc4d-794bd4d0fcba\u00bb collapsed=\u00bbon\u00bb global_colors_info=\u00bb{%22gcid-904649ba-8489-45ef-bc4d-794bd4d0fcba%22:%91%22background_color%22%93}\u00bb][et_pb_row column_structure=\u00bb1_2,1_2&#8243; _builder_version=\u00bb4.20.0&#8243; _module_preset=\u00bbdefault\u00bb global_colors_info=\u00bb{}\u00bb][et_pb_column type=\u00bb1_2&#8243; _builder_version=\u00bb4.20.0&#8243; _module_preset=\u00bbdefault\u00bb global_colors_info=\u00bb{}\u00bb][et_pb_image src=\u00bbhttps:\/\/tribumujeres.fpymeayp.com\/wp-content\/uploads\/2025\/10\/Imagen-de-WhatsApp-2025-10-20-a-las-11.39.30_415776ff.jpg\u00bb title_text=\u00bbImagen de WhatsApp 2025-10-20 a las 11.39.30_415776ff\u00bb _builder_version=\u00bb4.27.4&#8243; _module_preset=\u00bbdefault\u00bb custom_margin=\u00bb||||false|false\u00bb global_colors_info=\u00bb{}\u00bb][\/et_pb_image][et_pb_image src=\u00bbhttps:\/\/tribumujeres.fpymeayp.com\/wp-content\/uploads\/2025\/10\/beauty-esthetician-43.png\u00bb title_text=\u00bbbeauty-esthetician-43&#8243; align=\u00bbright\u00bb _builder_version=\u00bb4.27.4&#8243; _module_preset=\u00bbdefault\u00bb width=\u00bb88%\u00bb custom_margin=\u00bb-41%|-12%|||false|false\u00bb global_colors_info=\u00bb{}\u00bb][\/et_pb_image][\/et_pb_column][et_pb_column type=\u00bb1_2&#8243; _builder_version=\u00bb4.20.0&#8243; _module_preset=\u00bbdefault\u00bb global_colors_info=\u00bb{}\u00bb][et_pb_text _builder_version=\u00bb4.27.4&#8243; _module_preset=\u00bb15c60c6a-4a10-406f-b495-9bb83d0fe69a\u00bb global_colors_info=\u00bb{}\u00bb]<\/p>\n<h4>Nosotras<\/h4>\n<p>[\/et_pb_text][et_pb_text _builder_version=\u00bb4.27.4&#8243; _module_preset=\u00bb51a95e6a-436b-4561-a1a1-df33a12ea275&#8243; header_2_text_color=\u00bb#4c4c4c\u00bb global_colors_info=\u00bb{}\u00bb]<\/p>\n<h2>Mujeres de la Tribu<\/h2>\n<p>[\/et_pb_text][et_pb_text _builder_version=\u00bb4.27.4&#8243; _module_preset=\u00bb7c6b1dc7-86d4-452d-837d-c91f12fa55b4&#8243; global_colors_info=\u00bb{}\u00bb]<\/p>\n<p>Somos Mujeres de la Tribu, una agrupaci\u00f3n de mujeres emprendedoras que crean, producen y comparten desde el coraz\u00f3n. Nacimos de la necesidad de unir fuerzas entre creadoras locales que elaboramos nuestros productos de forma artesanal, con identidad propia y un profundo respeto por nuestro entorno.<\/p>\n<p>M\u00e1s que una agrupaci\u00f3n, somos una comunidad que impulsa el emprendimiento femenino y la colaboraci\u00f3n. Creamos espacios donde cada mujer puede mostrar su trabajo, conectar con otras, inspirarse y crecer. Creemos en el poder de las redes, la sororidad y el talento que florece cuando compartimos nuestras experiencias.<\/p>\n<p>[\/et_pb_text][et_pb_button button_url=\u00bbhttps:\/\/tribumujeres.fpymeayp.com\/index.php\/nosotras\/\u00bb url_new_window=\u00bbon\u00bb button_text=\u00bbver m\u00e1s\u00bb button_alignment=\u00bbleft\u00bb _builder_version=\u00bb4.27.4&#8243; _module_preset=\u00bb413911ff-5066-4749-8c0e-81ab7a06b624&#8243; button_text_color=\u00bb#FFFFFF\u00bb button_bg_color=\u00bb#3f4041&#8243; global_colors_info=\u00bb{%22gcid-593669bf-7b77-45f1-89ce-cfe13309ccf8%22:%91%22button_border_color%22%93}\u00bb][\/et_pb_button][\/et_pb_column][\/et_pb_row][\/et_pb_section][et_pb_section fb_built=\u00bb1&#8243; admin_label=\u00bbCall to Action\u00bb _builder_version=\u00bb4.27.4&#8243; _module_preset=\u00bbdefault\u00bb use_background_color_gradient=\u00bbon\u00bb background_color_gradient_stops=\u00bbrgba(0,0,0,0.5) 0%|rgba(0,0,0,0.5) 100%\u00bb background_color_gradient_overlays_image=\u00bbon\u00bb background_image=\u00bbhttps:\/\/tribumujeres.fpymeayp.com\/wp-content\/uploads\/2025\/10\/DSC_0126-scaled.jpg\u00bb parallax=\u00bbon\u00bb custom_padding=\u00bb12vw||12vw||true|false\u00bb collapsed=\u00bbon\u00bb global_colors_info=\u00bb{}\u00bb][et_pb_row _builder_version=\u00bb4.27.4&#8243; _module_preset=\u00bbdefault\u00bb max_width=\u00bb1247px\u00bb global_colors_info=\u00bb{}\u00bb][et_pb_column type=\u00bb4_4&#8243; _builder_version=\u00bb4.20.0&#8243; _module_preset=\u00bbdefault\u00bb global_colors_info=\u00bb{}\u00bb][et_pb_text _builder_version=\u00bb4.27.4&#8243; _module_preset=\u00bb51a95e6a-436b-4561-a1a1-df33a12ea275&#8243; header_2_text_color=\u00bb#FFFFFF\u00bb header_2_font_size=\u00bb44px\u00bb text_orientation=\u00bbcenter\u00bb global_colors_info=\u00bb{}\u00bb]<\/p>\n<h2>\u201cForma parte de nuestra red de mujeres emprendedoras, solidarias y con visi\u00f3n de futuro.\u201d<\/h2>\n<p>[\/et_pb_text][et_pb_button button_url=\u00bbhttps:\/\/tribumujeres.fpymeayp.com\/index.php\/228-2\/\u00bb url_new_window=\u00bbon\u00bb button_text=\u00bbPostula o inscr\u00edbete aqu\u00ed\u00bb button_alignment=\u00bbcenter\u00bb _builder_version=\u00bb4.27.4&#8243; _module_preset=\u00bb4cb5649f-4862-4db5-85bc-b7132b7336dd\u00bb global_colors_info=\u00bb{}\u00bb][\/et_pb_button][\/et_pb_column][\/et_pb_row][\/et_pb_section][et_pb_section fb_built=\u00bb1&#8243; admin_label=\u00bbService\u00bb module_id=\u00bbArriendo\u00bb _builder_version=\u00bb4.27.4&#8243; _module_preset=\u00bbdefault\u00bb background_color=\u00bbgcid-904649ba-8489-45ef-bc4d-794bd4d0fcba\u00bb collapsed=\u00bbon\u00bb global_colors_info=\u00bb{%22gcid-904649ba-8489-45ef-bc4d-794bd4d0fcba%22:%91%22background_color%22%93}\u00bb][et_pb_row custom_padding_last_edited=\u00bbon|tablet\u00bb _builder_version=\u00bb4.20.0&#8243; _module_preset=\u00bbdefault\u00bb custom_margin=\u00bb||-12vw||false|false\u00bb custom_margin_tablet=\u00bb||30px||false|false\u00bb custom_margin_phone=\u00bb||30px||false|false\u00bb custom_margin_last_edited=\u00bbon|tablet\u00bb custom_padding=\u00bb60px|60px|16vw|60px|false|true\u00bb custom_padding_tablet=\u00bb30px|30px|30px|30px|true|true\u00bb custom_padding_phone=\u00bb20px|20px|20px|20px|true|true\u00bb border_width_all=\u00bb1px\u00bb border_color_all=\u00bbgcid-97182601-61ab-4626-954a-29b0757ae92a\u00bb global_colors_info=\u00bb{%22gcid-97182601-61ab-4626-954a-29b0757ae92a%22:%91%22border_color_all%22,%22border_color_all%22%93}\u00bb][et_pb_column type=\u00bb4_4&#8243; _builder_version=\u00bb4.20.0&#8243; _module_preset=\u00bbdefault\u00bb global_colors_info=\u00bb{%22gcid-97182601-61ab-4626-954a-29b0757ae92a%22:%91%22border_color_all%22%93}\u00bb][et_pb_text _builder_version=\u00bb4.27.4&#8243; _module_preset=\u00bb15c60c6a-4a10-406f-b495-9bb83d0fe69a\u00bb text_orientation=\u00bbcenter\u00bb global_colors_info=\u00bb{}\u00bb]<\/p>\n<h4>Nuestros servicios<\/h4>\n<p>[\/et_pb_text][et_pb_text _builder_version=\u00bb4.27.4&#8243; _module_preset=\u00bb51a95e6a-436b-4561-a1a1-df33a12ea275&#8243; text_font=\u00bbPlayfair Display|500|||||||\u00bb text_text_color=\u00bb#3a3a3a\u00bb text_font_size=\u00bb48px\u00bb text_orientation=\u00bbcenter\u00bb global_colors_info=\u00bb{}\u00bb]<\/p>\n<h2>Arriendo<\/h2>\n<p>Espacio &amp; Carrito<\/p>\n<p>[\/et_pb_text][et_pb_text _builder_version=\u00bb4.27.4&#8243; _module_preset=\u00bb7c6b1dc7-86d4-452d-837d-c91f12fa55b4&#8243; text_orientation=\u00bbcenter\u00bb max_width=\u00bb700px\u00bb module_alignment=\u00bbcenter\u00bb global_colors_info=\u00bb{}\u00bb]<\/p>\n<p>Fames enim enim facilisis lorem eros morbi lectus facilisis id. Nec aliquam est nunc mattis nisl metus et viverra quam. Elit dignissim eget fringilla pellentesque. Lacus pellentesque fusce elit quam vestibulum fermentum tempor. Risus augue quis pulvinar urna. Tincidunt faucibus purus fusce lorem sagittis leo lacus. Senectus et ac sodales leo. Senectus ullamcorper enim nulla vitae.<\/p>\n<p>[\/et_pb_text][et_pb_image src=\u00bbhttps:\/\/tribumujeres.fpymeayp.com\/wp-content\/uploads\/2025\/10\/beauty-esthetician-38.png\u00bb title_text=\u00bbbeauty-esthetician-38&#8243; align=\u00bbcenter\u00bb _builder_version=\u00bb4.20.0&#8243; _module_preset=\u00bbdefault\u00bb custom_margin=\u00bb-4vw|-8vw|-8vw|-8vw|false|true\u00bb custom_margin_tablet=\u00bb0px|0vw|0vw|0vw|false|true\u00bb custom_margin_phone=\u00bb||||false|true\u00bb custom_margin_last_edited=\u00bbon|tablet\u00bb global_colors_info=\u00bb{}\u00bb][\/et_pb_image][\/et_pb_column][\/et_pb_row][et_pb_row column_structure=\u00bb1_4,1_4,1_4,1_4&#8243; use_custom_gutter=\u00bbon\u00bb gutter_width=\u00bb2&#8243; _builder_version=\u00bb4.20.0&#8243; _module_preset=\u00bbdefault\u00bb custom_padding=\u00bb0px||||false|false\u00bb global_colors_info=\u00bb{}\u00bb][et_pb_column type=\u00bb1_4&#8243; _builder_version=\u00bb4.20.0&#8243; _module_preset=\u00bbdefault\u00bb global_colors_info=\u00bb{}\u00bb][et_pb_image src=\u00bbhttps:\/\/tribumujeres.fpymeayp.com\/wp-content\/uploads\/2025\/10\/IMG_6477-scaled.webp\u00bb title_text=\u00bbIMG_6477&#8243; _builder_version=\u00bb4.27.4&#8243; _module_preset=\u00bbdefault\u00bb global_colors_info=\u00bb{}\u00bb][\/et_pb_image][\/et_pb_column][et_pb_column type=\u00bb1_4&#8243; _builder_version=\u00bb4.20.0&#8243; _module_preset=\u00bbdefault\u00bb global_colors_info=\u00bb{}\u00bb][et_pb_image src=\u00bbhttps:\/\/tribumujeres.fpymeayp.com\/wp-content\/uploads\/2025\/10\/IMG_6466-scaled.webp\u00bb title_text=\u00bbIMG_6466&#8243; _builder_version=\u00bb4.27.4&#8243; _module_preset=\u00bbdefault\u00bb locked=\u00bboff\u00bb global_colors_info=\u00bb{}\u00bb][\/et_pb_image][\/et_pb_column][et_pb_column type=\u00bb1_4&#8243; _builder_version=\u00bb4.20.0&#8243; _module_preset=\u00bbdefault\u00bb global_colors_info=\u00bb{}\u00bb][et_pb_image src=\u00bbhttps:\/\/tribumujeres.fpymeayp.com\/wp-content\/uploads\/2025\/10\/IMG_6469-scaled.webp\u00bb title_text=\u00bbIMG_6469&#8243; _builder_version=\u00bb4.27.4&#8243; _module_preset=\u00bbdefault\u00bb locked=\u00bboff\u00bb global_colors_info=\u00bb{}\u00bb][\/et_pb_image][\/et_pb_column][et_pb_column type=\u00bb1_4&#8243; _builder_version=\u00bb4.20.0&#8243; _module_preset=\u00bbdefault\u00bb global_colors_info=\u00bb{}\u00bb][et_pb_image src=\u00bbhttps:\/\/tribumujeres.fpymeayp.com\/wp-content\/uploads\/2025\/10\/IMG_6481-scaled.webp\u00bb title_text=\u00bbIMG_6481&#8243; _builder_version=\u00bb4.27.4&#8243; _module_preset=\u00bbdefault\u00bb locked=\u00bboff\u00bb global_colors_info=\u00bb{}\u00bb][\/et_pb_image][\/et_pb_column][\/et_pb_row][et_pb_row _builder_version=\u00bb4.20.0&#8243; _module_preset=\u00bbdefault\u00bb global_colors_info=\u00bb{}\u00bb][et_pb_column type=\u00bb4_4&#8243; _builder_version=\u00bb4.20.0&#8243; _module_preset=\u00bbdefault\u00bb global_colors_info=\u00bb{}\u00bb][et_pb_button button_url=\u00bbhttps:\/\/tribumujeres.fpymeayp.com\/index.php\/arriendo-de-carritos\/\u00bb url_new_window=\u00bbon\u00bb button_text=\u00bbVer m\u00e1s\u00bb button_alignment=\u00bbcenter\u00bb _builder_version=\u00bb4.27.4&#8243; _module_preset=\u00bb413911ff-5066-4749-8c0e-81ab7a06b624&#8243; global_colors_info=\u00bb{}\u00bb][\/et_pb_button][\/et_pb_column][\/et_pb_row][\/et_pb_section][et_pb_section fb_built=\u00bb1&#8243; admin_label=\u00bbPricing\u00bb _builder_version=\u00bb4.20.0&#8243; _module_preset=\u00bbdefault\u00bb background_color=\u00bbgcid-904649ba-8489-45ef-bc4d-794bd4d0fcba\u00bb collapsed=\u00bbon\u00bb global_colors_info=\u00bb{%22gcid-904649ba-8489-45ef-bc4d-794bd4d0fcba%22:%91%22background_color%22%93}\u00bb][et_pb_row _builder_version=\u00bb4.20.0&#8243; _module_preset=\u00bbdefault\u00bb global_colors_info=\u00bb{}\u00bb][et_pb_column type=\u00bb4_4&#8243; _builder_version=\u00bb4.20.0&#8243; _module_preset=\u00bbdefault\u00bb global_colors_info=\u00bb{}\u00bb][et_pb_text _builder_version=\u00bb4.21.0&#8243; _module_preset=\u00bb15c60c6a-4a10-406f-b495-9bb83d0fe69a\u00bb global_colors_info=\u00bb{}\u00bb]<\/p>\n<h4>Nuestros\u00a0<\/h4>\n<p>[\/et_pb_text][et_pb_text _builder_version=\u00bb4.27.4&#8243; _module_preset=\u00bb51a95e6a-436b-4561-a1a1-df33a12ea275&#8243; global_colors_info=\u00bb{}\u00bb]<\/p>\n<h2>Eventos\u00a0<\/h2>\n<p>[\/et_pb_text][et_pb_blog posts_number=\u00bb3&#8243; show_pagination=\u00bboff\u00bb _builder_version=\u00bb4.21.0&#8243; _module_preset=\u00bb10428e81-3121-43da-bb97-6d6691c3d7cd\u00bb locked=\u00bboff\u00bb global_colors_info=\u00bb{%22gcid-593669bf-7b77-45f1-89ce-cfe13309ccf8%22:%91%22text_text_color%22,%22body_text_color%22,%22pagination_text_color%22%93,%22gcid-97182601-61ab-4626-954a-29b0757ae92a%22:%91%22meta_text_color%22%93}\u00bb][\/et_pb_blog][et_pb_button button_text=\u00bbVer eventos\u00bb button_alignment=\u00bbcenter\u00bb _builder_version=\u00bb4.27.4&#8243; _module_preset=\u00bb26923f1f-ce44-42ca-8bb6-93768fd69fb5&#8243; hover_enabled=\u00bb0&#8243; global_colors_info=\u00bb{}\u00bb sticky_enabled=\u00bb0&#8243;][\/et_pb_button][\/et_pb_column][\/et_pb_row][\/et_pb_section][et_pb_section fb_built=\u00bb1&#8243; admin_label=\u00bbTestimonials\u00bb _builder_version=\u00bb4.20.0&#8243; _module_preset=\u00bbdefault\u00bb background_color=\u00bbgcid-904649ba-8489-45ef-bc4d-794bd4d0fcba\u00bb use_background_color_gradient=\u00bbon\u00bb background_color_gradient_stops=\u00bbgcid-904649ba-8489-45ef-bc4d-794bd4d0fcba 50%|rgba(255,251,243,0) 50%\u00bb background_color_gradient_overlays_image=\u00bbon\u00bb background_image=\u00bbhttps:\/\/tribumujeres.fpymeayp.com\/wp-content\/uploads\/2025\/10\/beauty-esthetician-8b.jpg\u00bb collapsed=\u00bbon\u00bb global_colors_info=\u00bb{%22gcid-904649ba-8489-45ef-bc4d-794bd4d0fcba%22:%91%22background_color%22,%22background_color_gradient_stops%22%93}\u00bb][et_pb_row _builder_version=\u00bb4.27.4&#8243; _module_preset=\u00bbdefault\u00bb global_colors_info=\u00bb{}\u00bb][et_pb_column type=\u00bb4_4&#8243; _builder_version=\u00bb4.20.0&#8243; _module_preset=\u00bbdefault\u00bb global_colors_info=\u00bb{}\u00bb][et_pb_slider _builder_version=\u00bb4.27.4&#8243; _module_preset=\u00bb033c47db-3ea2-4abf-9672-bf127d586f70&#8243; locked=\u00bboff\u00bb global_colors_info=\u00bb{%22gcid-593669bf-7b77-45f1-89ce-cfe13309ccf8%22:%91%22text_text_color%22,%22button_bg_color%22,%22body_text_color%22,%22header_text_color%22%93,%22gcid-904649ba-8489-45ef-bc4d-794bd4d0fcba%22:%91%22background_color%22%93,%22gcid-97182601-61ab-4626-954a-29b0757ae92a%22:%91%22arrows_custom_color%22,%22dot_nav_custom_color%22%93}\u00bb][et_pb_slide _builder_version=\u00bb4.20.0&#8243; _module_preset=\u00bbdefault\u00bb locked=\u00bboff\u00bb global_colors_info=\u00bb{}\u00bb sticky_transition=\u00bbon\u00bb]\u00bbEtiam quis blandit erat. Donec laoreet libero non metus volutpat consequat in vel metus. Sed non augue id felis pellentesque congue et vitae tellus. Donec ullamcorper libero nisl, nec blandit dolor tempus feugiat. Aenean neque felis, fringilla nec placerat eget, sollicitudin a sapien. Cras ut auctor elit.\u00bb[\/et_pb_slide][et_pb_slide _builder_version=\u00bb4.20.0&#8243; _module_preset=\u00bbdefault\u00bb locked=\u00bboff\u00bb global_colors_info=\u00bb{}\u00bb sticky_transition=\u00bbon\u00bb]\u00bbCurabitur fermentum nulla non justo aliquet, quis vehicula quam consequat. Duis ut hendrerit tellus, elementum lacinia elit. Maecenas at consectetur ex, vitae consequat augue. Vivamus eget dolor vel quam condimentum sodales. In bibendum odio urna, sit amet fermentum purus venenatis amet.\u00bb[\/et_pb_slide][et_pb_slide _builder_version=\u00bb4.20.0&#8243; _module_preset=\u00bbdefault\u00bb locked=\u00bboff\u00bb global_colors_info=\u00bb{}\u00bb sticky_transition=\u00bbon\u00bb]\u00bbDonec ultricies lobortis eros, nec auctor nisl semper ultricies. Aliquam sodales nulla dolor, sed vulputate sapien efficitur ut. Etiam tincidunt ligula ut hendrerit semper. Quisque luctus lectus non turpis bibendum posuere. Morbi tortor nibh, fringilla sed pretium sit amet, pharetra non ex. Aliquam ornare nunc nibh, sit amet porta diam pretium in.\u00bb[\/et_pb_slide][\/et_pb_slider][\/et_pb_column][\/et_pb_row][\/et_pb_section]<\/p>\n","protected":false},"excerpt":{"rendered":"<p>Juntas crecemos, juntas avanzamosMujeres de la TribuSomos Mujeres de la Tribu, una comunidad de creadoras que une talento, prop\u00f3sito y coraz\u00f3n.Nacimos del deseo de tejer redes entre mujeres que transforman con sus manos, que creen en la colaboraci\u00f3n y que encuentran en lo artesanal una forma de expresi\u00f3n aut\u00e9ntica.NosotrasMujeres de la TribuSomos Mujeres de la [&hellip;]<\/p>\n","protected":false},"author":1,"featured_media":0,"parent":0,"menu_order":0,"comment_status":"closed","ping_status":"closed","template":"","meta":{"_et_pb_use_builder":"on","_et_pb_old_content":"","_et_gb_content_width":"","_joinchat":[],"footnotes":""},"class_list":["post-7","page","type-page","status-publish","hentry"],"_links":{"self":[{"href":"https:\/\/tribumujeres.fpymeayp.com\/index.php\/wp-json\/wp\/v2\/pages\/7","targetHints":{"allow":["GET"]}}],"collection":[{"href":"https:\/\/tribumujeres.fpymeayp.com\/index.php\/wp-json\/wp\/v2\/pages"}],"about":[{"href":"https:\/\/tribumujeres.fpymeayp.com\/index.php\/wp-json\/wp\/v2\/types\/page"}],"author":[{"embeddable":true,"href":"https:\/\/tribumujeres.fpymeayp.com\/index.php\/wp-json\/wp\/v2\/users\/1"}],"replies":[{"embeddable":true,"href":"https:\/\/tribumujeres.fpymeayp.com\/index.php\/wp-json\/wp\/v2\/comments?post=7"}],"version-history":[{"count":37,"href":"https:\/\/tribumujeres.fpymeayp.com\/index.php\/wp-json\/wp\/v2\/pages\/7\/revisions"}],"predecessor-version":[{"id":301,"href":"https:\/\/tribumujeres.fpymeayp.com\/index.php\/wp-json\/wp\/v2\/pages\/7\/revisions\/301"}],"wp:attachment":[{"href":"https:\/\/tribumujeres.fpymeayp.com\/index.php\/wp-json\/wp\/v2\/media?parent=7"}],"curies":[{"name":"wp","href":"https:\/\/api.w.org\/{rel}","templated":true}]}}